True
Is 6070522 a multiple of 93?
False
Is 2039958400 a multiple of 32?
True
Does 1273 divide 1044310955?
False
Does 10 divide 178050657?
False
Is 49024021 a multiple of 4?
False
Is 697 a factor of 10050877?
False
Is 195834446 a multiple of 96?
False
Is 2239644 a multiple of 361?
True
Is 196062764 a multiple of 4?
True
Is 61 a factor of 1998483769?
True
Is 272 a factor of 527859248?
True
Does 80 divide 151389120?
True
Does 120 divide 66667936?
False
Is 1963907270 a multiple of 129?
False
Is 78 a factor of 35488827?
False
Is 239629 a multiple of 162?
False
Does 18 divide 1359144714?
False
Does 1102 divide 2087995?
False
Is 4265964010 a multiple of 2300?
False
Does 3055 divide 3865644250?
True
Does 3770 divide 274128093?
False
Does 158 divide 1537702294?
True
Does 42 divide 28899360?
True
Does 164 divide 23584663?
False
Does 15 divide 1103995852?
False
Is 60 a factor of 43005590?
False
Does 12 divide 87690336?
True
Is 719 a factor of 526996460?
False
Is 472932010 a multiple of 132?
False
Is 35 a factor of 45023157?
False
Is 13 a factor of 38527536?
False
Does 9 divide 13766418?
True
Does 1599 divide 499864452?
False
Does 35 divide 6593615?
True
Does 140 divide 20721400?
True
Is 415 a factor of 2291418350?
True
Is 14574078 even?
True
Is 4682 a factor of 600532048?
True
Is 490 a factor of 19213985?
False
Is 66 a factor of 2573381072?
False
Is 207119560 a multiple of 149?
False
Is 138 a factor of 7579957?
False
Does 67 divide 3284273?
True
Is 289524031 a multiple of 43?
True
Does 638 divide 330649521?
False
Is 1446056 a multiple of 271?
True
Is 723 a factor of 182009027?
False
Does 2 divide 41156980?
True
Is 207817814 a multiple of 557?
True
Is 3954036978 a multiple of 92?
False
Is 721 a factor of 17758951?
True
Is 217 a factor of 325834348?
False
Does 3212 divide 697584142?
False
Does 351 divide 39512810?
False
Is 50375392 a multiple of 16?
True
Is 129 a factor of 29956?
False
Is 483 a factor of 11064648?
False
Is 32 a factor of 150129661?
False
Is 230 a factor of 38040160?
True
Is 3126 a factor of 23079258?
True
Is 76 a factor of 28677232?
True
Is 9 a factor of 3868154721?
True
Is 19 a factor of 127710856?
True
Is 25084425 a multiple of 175?
False
Does 2444 divide 151447348?
True
Is 28242948 a multiple of 27?
False
Is 4792 a factor of 310852248?
True
Is 3886 a factor of 887216546?
True
Is 327 a factor of 421411440?
True
Does 71 divide 71687138?
True
Is 91 a factor of 64538019?
True
Is 3864182 a multiple of 398?
True
Is 20 a factor of 621309024?
False
Is 760131184 a multiple of 27?
False
Does 1861 divide 102892829?
True
Is 797457504 a multiple of 106?
True
Is 19 a factor of 4396581?
True
Does 1771 divide 40341572?
False
Is 21 a factor of 486941028?
True
Does 415 divide 36285110?
True
Is 24 a factor of 87343918?
False
Does 41 divide 18522488?
True
Does 249 divide 13951242?
False
Does 352 divide 876484778?
False
Does 18 divide 230110147?
False
Is 367 a factor of 271446184?
False
Does 352 divide 420168672?
True
Does 194 divide 37939594?
False
Is 1277772 a multiple of 12?
True
Does 10 divide 1843629552?
False
Is 17 a factor of 1512104141?
False
Is 8 a factor of 73980411?
False
Is 32082051 a multiple of 59?
False
Does 73 divide 20355573?
False
Is 5 a factor of 601473130?
True
Is 35367947 a multiple of 1231?
False
Does 59 divide 34984376?
False
Is 657379128 a multiple of 24?
True
Is 5 a factor of 679160?
True
Does 341 divide 57266517?
True
Is 44571696 a multiple of 14?
False
Is 16 a factor of 19953952?
True
Does 898 divide 7514464?
True
Is 53 a factor of 34722354?
False
Is 1919304058 a multiple of 156?
False
Does 71 divide 338500807?
True
Is 121969681 a multiple of 1783?
True
Is 1590 a factor of 144399808?
False
Is 170602713 a multiple of 6?
False
Is 156098097 a multiple of 261?
True
Does 103 divide 28268041?
True
Does 38 divide 400035128?
False
Does 17 divide 2249675329?
False
Is 269475351 a multiple of 1625?
False
Does 4 divide 129547463?
False
Is 388205965 a multiple of 1540?
False
Is 55 a factor of 21092115?
True
Is 3312746955 a multiple of 155?
True
Is 3049340 a multiple of 140?
True
Is 1211629056 a multiple of 8?
True
Does 351 divide 94750161?
False
Is 786 a factor of 19566348?
False
Does 11 divide 304226560?
True
Is 32 a factor of 67791072?
True
Does 5092 divide 833641404?
False
Is 452370563 a multiple of 139?
False
Does 38 divide 24586672?
False
Does 387 divide 76897674?
True
Is 213775524 a multiple of 18?
True
Is 883 a factor of 106908342?
True
Is 80 a factor of 4269735635?
False
Does 50 divide 119706780?
False
Is 8 a factor of 37183009?
False
Is 80960141 a multiple of 29?
True
Does 986 divide 274311430?
False
Does 6060 divide 461776249?
False
Does 132 divide 61194089?
False
Is 20079444 a multiple of 7?
True
Is 475 a factor of 188684337?
False
Is 18447642 a multiple of 44?
False
Is 401364742 a multiple of 599?
True
Is 17908414 a multiple of 894?
False
Is 1220636870 a multiple of 51?
False
Is 1485 a factor of 50493082?
False
Does 176 divide 29172011?
False
Is 1215900483 a multiple of 5?
False
Does 663 divide 327805321?
False
Is 4952037 a multiple of 201?
True
Does 76 divide 502825040?
False
Is 187130641 a multiple of 2027?
False
Does 20 divide 787361534?
False
Does 1924 divide 214953225?
False
Is 685 a factor of 741019354?
False
Is 662433942 a multiple of 15?
False
Is 497 a factor of 319591830?
False
Does 11 divide 1326628600?
True
Does 52 divide 41815176?
True
Is 446 a factor of 4363061008?
True
Is 71 a factor of 34926178?
True
Is 1304667508 a multiple of 1884?
False
Is 66634846 a multiple of 165?
False
Is 857653483 a multiple of 646?
False
Is 47 a factor of 22762711?
True
Is 391315140 a multiple of 15?
True
Does 2047 divide 2920027646?
False
Is 771719130 a multiple of 210?
True
Is 656 a factor of 69799056?
True
Is 19 a factor of 1421465?
False
Does 87 divide 87640603?
False
Is 486442797 a multiple of 579?
True
Is 7 a factor of 1724991?
False
Is 53744152 a multiple of 86?
True
Does 1052 divide 12027269?
False
Is 880 a factor of 257726480?
True
Does 27 divide 5844196?
False
Is 30898688 a multiple of 19?
False
Is 3329190 a multiple of 3195?
True
Does 16 divide 222269088?
True
Does 4 divide 26881264?
True
Does 240 divide 6912960?
True
Is 15103006 a multiple of 505?
False
Is 275 a factor of 360733450?
True
Is 192411687 a multiple of 1412?
False
Is 661 a factor of 10016133?
True
Does 1729 divide 776574414?
False
Is 197 a factor of 97815228?
True
Does 401 divide 195238880?
True
Is 12 a factor of 10333022?
False
Does 1620 divide 46054300?
False
Is 33 a factor of 52871487?
False
Is 826848527 a multiple of 691?
True
Is 72767827 a multiple of 16?
False
Is 595846362 a multiple of 63?
False
Does 4 divide 80921188?
True
Does 157 divide 80332190?
True
Is 11826100 a multiple of 260?
True
Is 1356960 a multiple of 11?
True
Does 75 divide 268052388?
False
Does 20 divide 504587380?
True
Is 5241422 a multiple of 862?
False
Is 47980944 a multiple of 414?
True
Does 41 divide 83358166?
True
Does 40 divide 53871040?
True
Is 13666130 a multiple of 19?
True
Does 1568 divide 3087972160?
True
Is 150200780 a multiple of 1168?
False
Does 25 divide 256654621?
False
Is 2310 a factor of 33394409?
False
Does 14 divide 3350354?
True
Is 552409352 a multiple of 556?
True
Is 92 a factor of 4301736?
True
Is 18 a factor of 7243838074?
False
Is 11 a factor of 220901395?
True
Is 264391448 a multiple of 8?
True
Does 28 divide 1230927544?
True
Does 112 divide 23543856?
True
Is 42309619 a multiple of 11?
True
Does 4 divide 985163512?
True
Is 424795252 a multiple of 25?
False
Is 189835377 a multiple of 1911?
False
Is 15995756 a multiple of 28?
True
Does 17 divide 5303422452?
False
Is 187 a factor of 9265461?
False
Is 897004172 a multiple of 269?
True
Is 211038240 a multiple of 642?
True
Is 236491917 a multiple of 27?
False
Is 3130525668 a multiple of 14361?
True
Is 643178605 a multiple of 898?
False
Is 827582659 a multiple of 1163?
True
Is 6289 a factor of 1107266496?
True
Does 2615 divide 1085975075?
False
Is 631430340 a multiple of 3340?
True
Is 79 a factor of 16184539?
False
Is 7 a factor of 11511732?
False
Is 4074 a factor of 101035094?
False
Is 2704492743 a multiple of 11797?
False
Does 870 divide 131013911?
False
Is 18 a factor of 995934492?
True
Is 639 a factor of 15694366?
Fal